 = -149705 + 149859. What is the remainder when 325 is divided by w?
17
Suppose 0 = -2*n + 5*n - a - 19, 4*a + 16 = 2*n. Let r(z) = 95*z**2 - z. Let c be r(1). Let q = c + -68. What is the remainder when q is divided by n?
2
Let p(i) = 2*i**2 - 2*i + 17 + 22 - 5*i + 6*i. Calculate the remainder when p(0) is divided by 16.
7
Let d(v) = -729*v - 2843. What is the remainder when d(-33) is divided by 13?
11
Let m(g) be the third derivative of -g**5/60 + 35*g**4/24 - 21*g**3 + 57*g**2. What is the remainder when m(21) is divided by 9?
6
Suppose -2*g = -g - 6. Calculate the remainder when 372/(-8 - (4 - 15)) is divided by g.
4
Suppose 18*f - 1225 = -379. Suppose g - f = -0*g. Calculate the remainder when 225 is divided by g.
37
Suppose -5*t + 791 = 3*w, 0 = 2*w - 36*t + 39*t - 526. Calculate the remainder when w is divided by 67.
56
Calculate the remainder when 381 is divided by (-2 + 0)*(-2277)/198.
13
Calculate the remainder when 7310/22 + 1047/(-3839) is divided by 28.
24
Let u(d) = d**2 + 2*d - 334. Let l be u(0). Let p = l - -632. What is the remainder when p is divided by 43?
40
Let u(r) = 7*r - 37. Let x(z) = 6*z - 37. Let a(t) = 2*u(t) - 3*x(t). What is the remainder when 93 is divided by a(0)?
19
Let n(m) = 110*m + 1341. Let t be n(-12). Let z be (-105)/10 - 2/(-4). Let d = z + t. Calculate the remainder when d is divided by 9.
2
Let s = -398 + 712. Let w = 334 - s. Calculate the remainder when 26 is divided by w.
6
Let y(n) = 2*n**2 + 16*n - 325. Calculate the remainder when 371 is divided by y(-18).
21
Suppose 3*s + 11 - 26 = 0. Suppose -s*m + 636 = 4*o, 0*o - o + 176 = -3*m. Let t = o + -86. What is the remainder when t is divided by 41?
37
Let j(d) = d**3 + 33*d**2 - 1057*d + 105. Calculate the remainder when 8742 is divided by j(20).
162
Calculate the remainder when 97 - -2 - 2/2 is divided by (-44)/(-55) - 8352/(-435).
18
Let t(m) = 181*m + 3910. What is the remainder when 10135 is divided by t(-21)?
107
Suppose -13*r - 385 = -736. Let p be 4/20 + (-259)/(-5). Suppose -4*h + 4*n + p = -0*n, -h + 5*n = -25. What is the remainder when r is divided by h?
7
Let m = 515 - 459. Calculate the remainder when 101 is divided by m.
45
Let n = 287 + -86. Let r(q) = 2*q**3 + 7*q**2 - 31*q + 28. What is the remainder when n is divided by r(-6)?
31
Suppose 758 = 3*b - 208. Let z = 384 - b. What is the remainder when 122 is divided by z?
60
Suppose -8*p - 4*g = -5*p - 261, -4*g - 404 = -4*p. Calculate the remainder when 1408 is divided by p.
78
Let m be (-554)/(-1) + (4 - 3)*-1. Suppose 3*f - 248 = m. Calculate the remainder when f is divided by 16.
11
Let b be 17/34 + 426/4. Let m = 100 + -7. Let i = b - m. What is the remainder when 69 is divided by i?
13
Suppose -3*k + 1101 - 12 = 0. Suppose -51 = 3*p - k. Calculate the remainder when p is divided by (-2*(0 + -7))/((-4)/(-10)).
34
Let n be (-2)/(-7*3/(-42)). Let t(f) = 2*f**2 + 5*f - 9. Let b = 34 - 21. What is the remainder when b is divided by t(n)?
1
Suppose 32*n = 7535 - 2447. Suppose 56 = h + 4*y, -4*h - 14*y + n = -11*y. Calculate the remainder when 136 is divided by h.
28
Let x(h) = -5*h**3 - 7*h**2 - h - 32. What is the remainder when x(-4) is divided by 87?
6
Calculate the remainder when 3024/(-10)*(-1715)/637 - (-4)/(-26) is divided by 105.
79
Calculate the remainder when -9 + 6 - -5 - (2/(-2) + -13) is divided by 4.
0
Suppose 14*g + 58 = 198. Suppose -503 + 13 = -g*a. Calculate the remainder when a is divided by 26.
23
Let m(v) = v**3 + 11*v**2 + 10*v - 11. Let i = 49 + -43. Suppose -i*j + 17 = -139. What is the remainder when m(-8) is divided by j?
23
Suppose -2*b - 1100 = -24*b. Let l(v) = -7*v + 1. Calculate the remainder when b/(-200) + 194/8 is divided by l(-2).
9
Let s(a) = 2*a**3 + 16*a**2 - 3*a - 5. What is the remainder when 400/(-3)*(-1 - ((-39)/(-12) - 2)) is divided by s(-8)?
15
Let r(p) = 2*p**2 + 4*p + 6. Let j be r(-5). Calculate the remainder when -1*9*(-1836)/j is divided by 21.
18
Let u = 74 + -73. Suppose 4*m - z = 3*z - 32, 0 = 4*m - 5*z + 37. Calculate the remainder when (m/(-1) - -8)/u is divided by 2.
1
Let d = 232 + -157. Suppose 0 = 120*k - 125*k + d. Suppose -k*u = -12*u - 66. Calculate the remainder when 86 is divided by u.
20
Let b be (-3)/(-2)*(-13)/(234/(-408)). Suppose -105 = 27*i - b*i. Let s(p) = -45*p - 3. Calculate the remainder when s(-2) is divided by i.
12
Suppose -3*z + 2*o + 218 = 0, 6*o - 147 = -3*z + 111. Let d = 144 - -7. Calculate the remainder when d is divided by z.
75
Let g = 280 - -821. Calculate the remainder when g is divided by 23.
20
Let u(k) = -2*k - 11. Let t = 3 - 10. Let j be u(t). Suppose -14*c = -13*c - j. Calculate the remainder when 6 is divided by c.
0
What is the remainder when 1098 is divided by (-6)/69 - ((-482328)/506)/14?
10
Let a(r) = 3*r**2 + 10*r - 5. Let k be 2/(-2) + -1 + 2. Suppose 2 = -n - k*f - 3*f, 5*f = -n. Calculate the remainder when 75 is divided by a(n).
15
Suppose 0 = 44*a - 49*a + 435. Let s = a - 75. Calculate the remainder when 164 is divided by s.
8
Let u(h) = 10*h**2 + 280*h + 282. Calculate the remainder when 1919 is divided by u(-1).
11
Let u = 94 + -110. Calculate the remainder when (-94 - -10)*u/6 is divided by 25.
24
Suppose -147 = -3*n - 3*p, -2*n - 3*p + 4*p = -107. Calculate the remainder when 449 is divided by n.
33
Let d = 221 - 204. Suppose 630 = -7*u + d*u. Calculate the remainder when u is divided by 6.
3
Suppose -o + 7*o + 48 = 0. What is the remainder when 47 is divided by ((-170)/(-40))/(((-2)/o)/1)?
13
Suppose -28 = -n - 6*n. What is the remainder when 478 is divided by (74/10)/(n/20)*1?
34
Let n(d) = -d**3 - 14*d**2 + 3. Let k be n(-14). Let u = 91 - k. Suppose -5*f = -3*f - u. What is the remainder when f is divided by 12?
8
Calculate the remainder when 118185/51 - 72/204 is divided by 769.
10
Let y = 141 - 126. Suppose -5*q - 13 + 28 = 0, 0 = -2*s - 3*q + 67. What is the remainder when s is divided by y?
14
Calculate the remainder when 2365 is divided by 2/(-1)*(4 - 0 - (10 + 8)).
13
Suppose -23*t - 31*t = -9882. Let f = t - 123. Calculate the remainder when f is divided by 13.
8
Let h(d) = -3*d + 20. Let k be h(6). Suppose y - 122 = -y. Calculate the remainder when y is divided by 64/k - 0 - 0/13.
29
Let k = 370 + -239. Let z = 23056 + -23029. Calculate the remainder when k is divided by z.
23
Calculate the remainder when 966 is divided by 19/(-6) + (-35)/42 + 323.
9
Let z be 1/(-5) + -5*2/(-50). Suppose z = 22*h - 20*h - 36. Suppose 2*o - 4*y - h = 0, -y + 0*y = -o + 10. What is the remainder when 29 is divided by o?
7
Let o = -36 + 87. Suppose 0*g - g + 5*l + 17 = 0, l + 106 = 4*g. Calculate the remainder when o is divided by g.
24
Suppose 5*g - 2138 = 42*u - 39*u, -4*u = 3*g - 1277. What is the remainder when g is divided by 13?
11
Let t(i) = -13*i**2 + 231*i + 17. What is the remainder when t(13) is divided by ((5/2)/1)/((-3)/(-18))?
13
Let h(d) = 6*d**2 - 2*d. Let v(l) be the second derivative of -l**3/6 + 10*l. Let y(u) = h(u) - 4*v(u). Calculate the remainder when y(2) is divided by 8.
4
Let r(j) be the third derivative of 24*j**2 + 0*j + 1/60*j**5 + 1/6*j**3 + 0 + 1/24*j**4 - 17/60*j**6. Calculate the remainder when 101 is divided by r(-1).
31
Let n(p) = -p**3 - 35*p**2 + 38*p + 80. Calculate the remainder when 106 is divided by n(-36).
2
Suppose -5*y + 187*f + 302 = 183*f, 3*y - 2*f = 180. Calculate the remainder when y is divided by 5.
3
Let t = 19442 - 19437. Calculate the remainder when 768 is divided by t.
3
Let i(o) = -2*o**3 - 7*o**2 - 3*o + 2. Let f = -632 - -666. What is the remainder when i(-6) is divided by f?
30
Suppose 2945*q - 2961*q = -3616. Calculate the remainder when 11067 is divided by q.
219
Calculate the remainder when 424 is divided by (69/9 - 1)*(-1488)/(-620).
8
Let r = -10 + 33. Let i(s) = 2 + 15*s**2 - 9*s + 17*s - 6*s. Calculate the remainder when i(2) is divided by r.
20
What is the remainder when (6 + 100/(-16))*(-8 + -480) is divided by 4?
2
Let a be (-1341)/(-18) + 1/(-2). Suppose 5*t + a = 3*b, b = -t - 3*t + 2. Suppose 1364 = 25*f - 3*f. Calculate the remainder when f is divided by b.
8
Let y = 6215 + -5869. Calculate the remainder when y is divided by 79.
30
Let y = -341 + 185. Let x = -86 - y. Suppose 2*m + 2 = x. Calculate the remain